 = u - -6. Calculate r(d).
5
Let w(r) = -2*r - 23. Let n be w(-12). Let g(h) = 5*h - h**2 + 1 - 2 + 6*h**3 - h - 2*h. What is g(n)?
6
Let q = 33 + -33. Suppose 0 = 2*s + 3*s - 3*o, 13 = -4*s + 5*o. Let p(y) = -s + 3 - 3 - y**2. Determine p(q).
-3
Let g(c) = 1 + 5*c**2 + 0 + c**2. Let f(k) = 2*k - 1. Let h be f(1). Give g(h).
7
Let q(j) = 4*j**2 + j - 11. Let x(p) = -3*p**2 - p + 11. Let r(u) = 4*q(u) + 5*x(u). What is r(0)?
11
Let t(b) = 4*b**2 - 8*b + 3. Let h(j) = -3*j**2 + 7*j - 2. Let f(k) = -3*h(k) - 2*t(k). Let y(x) = -x**3 - 9*x**2 - 9*x - 3. Let o be y(-8). What is f(o)?
0
Let t(f) be the third derivative of -f**6/360 + f**5/30 + f**4/24 - 2*f**3/3 + 4*f**2. Let i(k) be the first derivative of t(k). Calculate i(3).
4
Let t(v) = v**2 - 7*v - 5. Suppose -4*d - 25 = -9*d, d = -3*i + 29. Let m be t(i). Let s(y) = 2*y - m*y - 9*y**2 + 2*y. Give s(1).
-8
Let w(v) be the second derivative of -v**5/20 - 7*v**4/12 + v**3 - 11*v**2/2 + 37*v. Calculate w(-8).
5
Suppose h - 1 = 0, -3*r + h + 15 = 4. Suppose c - 7 = l, 0 = -c - r + 7. Let p(z) = z + 3. Calculate p(l).
-1
Suppose -5*r - 10 = 0, -r + 15 = -3*k + 5. Let s(m) = 3. Let v(n) = -n**2 + 6*n - 2. Let g be v(6). Let o(a) = a - 1. Let x(l) = g*s(l) - 2*o(l). What is x(k)?
4
Let u(m) = m**2 + 7*m + 4. Suppose q = -5*o + 14, -2*q + 5*o = -4*q + 8. Calculate u(q).
-2
Let w(j) be the second derivative of -j**6/180 + 7*j**5/120 - j**4/6 + j**3/2 - 4*j. Let v(d) be the second derivative of w(d). Give v(4).
-8
Let x(i) = -6*i - 3*i**2 - 2 - 2 - 6 + 9. Determine x(-4).
-25
Let o(w) = -w - 1. Let a(h) = -5*h - 14. Let d be a(-2). Give o(d).
3
Let v(c) = -5*c**2 - 11*c - 11. Let s(d) = -14*d**2 - 32*d - 32. Let i(n) = 4*n - 7. Let k be i(6). Let o(r) = k*v(r) - 6*s(r). Calculate o(4).
9
Let n(b) be the first derivative of b**5/20 - 5*b**4/12 - b**3/6 + 5*b**2/2 + 2*b - 3. Let d(s) be the first derivative of n(s). Calculate d(5).
0
Let w(r) = r + 4. Let g = -6 - -6. Give w(g).
4
Let r(f) = f + 1. Let a be r(3). Suppose a*c + 9 + 3 = 0. Let p(k) = k - 3*k**2 + 2 + 2*k**2 + 0. Calculate p(c).
-10
Let x(b) = 5 + 3 + b - 7 + 4. Suppose z = h - 4, 2*z - 3*z = -5*h + 4. Determine x(z).
1
Let t be (2 - (-3)/3) + 3. Suppose 5 = -k - 2*r, 2*k - 7*k = -r + 14. Let o = t + k. Let c(s) = s**3 - 2*s**2 - 3*s - 1. Give c(o).
-1
Let v(x) be the third derivative of -x**5/60 - 3*x**4/8 - 5*x**3/6 + 7*x**2. Give v(-6).
13
Let a(j) = 3*j**2 + j + 7. Let r(u) = -3*u**2 - 6. Let b(w) = 4*a(w) + 5*r(w). Determine b(2).
-6
Let z = 241 + -236. Let c(k) = 7*k**3 - 5*k**2 + k + 4. Let y(o) = -3*o**3 + 3*o**2 - 2. Let g(a) = 2*c(a) + 5*y(a). Determine g(z).
8
Let b(f) be the second derivative of -f**5/5 + f**4/6 - f**3/6 - 2*f. Let s = -9 - -12. Suppose 4 = s*w + w. What is b(w)?
-3
Let w(r) = -r**2 + 4*r + 8. Let l be w(6). Let f(t) = 3 - 9 - 4*t - t**2 - 4 + 9. Give f(l).
-1
Let c = -130 - -128. Let r(t) = t**3 - t**2 + 2*t + 2. What is r(c)?
-14
Let k(t) = -t**3 - 5*t**2 - t + 2. Let g(z) = z**3 - 26*z**2 + 24*z + 20. Let q be g(25). Determine k(q).
7
Let m(p) = p + 5. Let n be (-12)/(-8) + 2/4. Suppose -v - n*v = 12. Give m(v).
1
Let i = 7 + -2. Suppose -18 = -i*b + 3*b + 5*o, 3*o + 13 = -b. Let q(w) be the second derivative of 3*w**5/20 - w**3/6 - w**2/2 - 2*w. Determine q(b).
-3
Let m be ((-8)/10)/(28/(-70)). Let g(c) = -c**3 + 5*c**2 - 2*c + 3. Calculate g(m).
11
Let d(h) = -2*h - 27. Let p(k) = 4*k**3 + k**2 - k - 1. Let i be p(-1). Let m = -1 + i. Let x(s) = s + 13. Let z(f) = m*d(f) - 9*x(f). Calculate z(-4).
-5
Let r(s) be the second derivative of -s**5/20 - s**4/12 - 3*s**2/2 - 2*s. Determine r(-3).
15
Let y(o) = 3*o. Let w be y(-1). Let g be 18/12*16/6. Let x(b) = g*b + b**3 - 3 + 4*b**2 + 5 - 2. Calculate x(w).
-3
Let i = -11 + 15. Let x(z) = -z + 6 + 11 - 27 + 11. What is x(i)?
-3
Let c(o) be the first derivative of 3*o**2 - 3*o + 1. Let x be 26/91 + (-16)/7. Let k be (-1 - 0)/(1/x). Calculate c(k).
9
Let o(u) = 3*u - 3. Let p = 21 + -14. Let l = p - 3. Calculate o(l).
9
Let v(j) = 0*j + 0*j - 3*j + 1. Calculate v(1).
-2
Suppose -6 + 3 = -l. Let u(x) = -2*x + 3 - 4*x**2 + 3*x**3 + 4*x**3 + 3*x**l - 9*x**3. Calculate u(4).
-5
Let f(s) = 5*s + 4. Let t(u) = -4*u - 3. Let x(m) = 2*f(m) + 3*t(m). Determine x(-5).
9
Let s = -16 - -11. Let p(h) = h**2 + 3*h + 1. Let i(f) = -f**2 - 3*f - 1. Let u(g) = s*p(g) - 6*i(g). Let n = 7 + -9. What is u(n)?
-1
Suppose 4 = 13*s - 11*s. Let h(a) = -a**3 + a**2 + 3*a - 2. Calculate h(s).
0
Let c(n) be the first derivative of 0*n**2 + 2*n - 1/3*n**3 - 5. Calculate c(2).
-2
Let u(j) = -j**3 - 2*j**2 - 3*j - 2. Let i be u(-2). Let s(o) be the second derivative of o**5/20 - 5*o**4/12 + 5*o**3/6 - o. Calculate s(i).
4
Let x(l) = -l - 1. Let t = 11 - 9. Let n be (1/t + -1)*-6. Let j be x(n). Let v(f) = f**2 + 3*f + 4. Calculate v(j).
8
Suppose 18*b - 14*b = 8. Let c(d) = -d**3 + 2*d + 1. What is c(b)?
-3
Suppose 5*h - 10 = 3*h. Let c(j) = 3*j + 1. What is c(h)?
16
Let y(n) = 0 - n + n**2 + 4 + 2. Let h(a) = -a**2 + a. Let u be (10/4)/5*0. Let j be h(u). Give y(j).
6
Let o(a) = a + 9. Let u(v) = 4*v + 28. Let b(r) = -7*o(r) + 2*u(r). Calculate b(4).
-3
Let v(o) = -2*o**3 + o**2 + 3*o + 2. Let q = 1 - 3. Calculate v(q).
16
Let c(y) be the first derivative of -y**3 + 7*y**2/2 - 8*y + 3. Let x(m) = -m**2 + m - 1. Let a(h) = -c(h) + 4*x(h). Determine a(-4).
0
Let h = -6 + 8. Let k(d) = -d - 1. Let g(r) = -2. Let y(a) = 2*g(a) - 2*k(a). What is y(h)?
2
Suppose -2*g + 4 - 16 = 0. Let y(h) = -h - 11. Determine y(g).
-5
Suppose -2*p + d + 4*d = -22, -4*p - 4 = 2*d. Let w(f) be the first derivative of -f**4 + f**2/2 + 1. Calculate w(p).
-3
Suppose 0 = r - 3*h - 0 - 8, 0 = -2*r + 3*h + 10. Let v(o) be the third derivative of 1/12*o**4 - o**r + 0 + 0*o - 1/2*o**3. Calculate v(5).
7
Suppose 5*x = 3*o + 138, 2*o - 42 = -x - o. Suppose x = z - 6*z. Let m be (4 - 0)*(-3)/z. Let j(g) = g**3 - 2*g**2 - 2*g + 1. Calculate j(m).
-3
Let j be -1*1*(-2 - 3). Let r(a) = -1 - 2*a - 3*a - a + j*a. Give r(-3).
2
Let h(s) be the second derivative of -s**3/6 - 7*s**2 + 33*s. What is h(0)?
-14
Suppose -3 = -4*r + 5. Let v(o) = -r*o**3 + 2*o + 0*o**3 + o**3. Let b = 13 - 15. Calculate v(b).
4
Let v(g) = g + 4. Let m(t) = t + 3. Let n(h) = 4*m(h) - 3*v(h). Calculate n(5).
5
Let f(l) = -4*l - 4. Let x(c) = 3*c + 1. Let h(n) = 4*n + 1. Let y(w) = -2*h(w) + 3*x(w). Let m(s) = -4*f(s) - 18*y(s). Give m(4).
-10
Let s(j) be the third derivative of 4*j**2 + 0*j + 0 + 0*j**3 + 1/24*j**4. What is s(1)?
1
Let m(r) = -14*r**2 + 11*r + 2. Let y(f) = 7*f**2 - 6*f - 1. Let o(q) = -6*m(q) - 11*y(q). Let c = -9 - -7. Let l be -2 + (-6)/4*c. Calculate o(l).
6
Let c(h) = -2*h**2. Let o(n) = n + 1. Let a be o(-3). Calculate c(a).
-8
Let w(a) be the first derivative of a**4/4 - 7*a**3/3 + 3*a**2 - 5*a - 5. Suppose 16 = p + 10. Give w(p).
-5
Let v be (-10)/(-6) - (-3)/9. Let g = v - 0. Let s(m) = 6*m - 2*m - m + g + m. Give s(-2).
-6
Let s(k) be the first derivative of k**4/4 + k**3 + k**2/2 + 2*k + 2. Let d be s(-3). Let y(h) = 11*h**2 + 1. Determine y(d).
12
Let t(w) = w**3 + w**2 + 4. Let k be t(0). Let c(o) be the second derivative of 0 + 1/12*o**4 - 5/6*o**3 + 3*o + 3/2*o**2. Determine c(k).
-1
Let j be (-12)/6 - (-7)/(14/8). Let x(p) = p**2 - 2*p + 3. Calculate x(j).
3
Suppose -4*g = -p - 3*p + 20, 5*g = 2*p - 19. Let m(k) = -4*k**p + 0*k + k - 4*k + 2*k - k**3. What is m(-4)?
4
Let q(x) = 4*x**2 + 8*x. Let a(z) = 2*z - 4*z**2 + 4*z**2 - 5*z - z**2. Let c(p) = -8*a(p) - 3*q(p). Give c(1).
-4
Let r(g) be the first derivative of g**4/4 - g**2/2 + 30. Calculate r(1).
0
Suppose -2*i = -1 + 5. Let o(g) = -11 + g**2 + 0*g**2 + 8 + 0*g**2 - 3*g. Give o(i).
7
Let u(z) = 1. Let b(v) = v - 2. Let w(p) = -b(p) + 2*u(p). Calculate w(5).
-1
Let g(b) = b**3 - 2 - 5*b + 3*b**2 + 1 - 2. Suppose -3*l = -5*d + 17 + 5, -5*d = 5*l + 10. Give g(l).
1
Let o(s) = 8*s + 8. Let y(m) = -7*m - 8. Let l(g) = -6*o(g) - 7*y(g). Suppose -3*c + k - 3 = -3*k, 3*c = -5*k - 30. Determine l(c).
3
Let s(u) be the second derivative of u**4/12 - u**3/6 - 2*u**2 + 13*u. Calculate s(0).
-4
Let c(t) = 2*t**3 + t**2 - 5*t. Let s(q) = -q**3 - 2*q**2 + 4*q + 1. Let u(d) = -2*c(d) - 3*s(d). Determine u(3).
0
Let b(n) be the first derivative of -n**2 + 9*n + 2. Let x be b(6). L